{"id":67,"date":"2016-01-24T12:04:37","date_gmt":"2016-01-24T10:04:37","guid":{"rendered":"http:\/\/eneriitta.fi\/?page_id=67"},"modified":"2026-01-06T21:14:16","modified_gmt":"2026-01-06T19:14:16","slug":"jalkojen-hoito","status":"publish","type":"page","link":"https:\/\/eneriitta.fi\/index.php\/jalkojen-hoito\/","title":{"rendered":"Jalkahoito"},"content":{"rendered":"<p><a href=\"https:\/\/eneriitta.fi\/wp-content\/uploads\/2019\/06\/SoMe3-1.jpg\"><img decoding=\"async\" loading=\"lazy\" class=\"alignnone wp-image-252 size-medium\" src=\"https:\/\/eneriitta.fi\/wp-content\/uploads\/2019\/06\/SoMe3-1-211x300.jpg\" alt=\"\" width=\"211\" height=\"300\" srcset=\"https:\/\/eneriitta.fi\/wp-content\/uploads\/2019\/06\/SoMe3-1-211x300.jpg 211w, https:\/\/eneriitta.fi\/wp-content\/uploads\/2019\/06\/SoMe3-1-768x1090.jpg 768w, https:\/\/eneriitta.fi\/wp-content\/uploads\/2019\/06\/SoMe3-1-721x1024.jpg 721w, https:\/\/eneriitta.fi\/wp-content\/uploads\/2019\/06\/SoMe3-1.jpg 894w\" sizes=\"(max-width: 211px) 100vw, 211px\" \/><\/a><\/p>\n<p>Vaivaako jalkapohjan kovettumat tai halkeilevat kantap\u00e4\u00e4t?<\/p>\n<p>Jalkojen hyvinvointi auttaa lihasketjuja toimimaan koko kehosi parhaaksi.<\/p>\n<p>Toteutan jalkahoidon, jotta jalkasi pysyv\u00e4t kunnossa ja toimintakykyisen\u00e4.<\/p>\n<p>Yksil\u00f6llisen tarpeesi mukaan hoito sis\u00e4lt\u00e4\u00e4 jalkakylvyn, kynsien hoidon, kovettumien ja mahdollisten k\u00e4nsien tai syylien pienent\u00e4misen sek\u00e4 jalkavoiteen hieronnan jalkateriin.<\/p>\n<p>Hoidon yhteydess\u00e4 saat neuvoja ja ohjeita jalkojen itsehoitoon.\u00a0<\/p>\n<p>Jalkahoito hoitolan tiloissa 75 e ja kotik\u00e4yntin\u00e4 107 e.<\/p>\n<p>Tarvittaessa valmistan siliconista suojan tai tuen jalkojesi parhaaksi.<\/p>\n<p>Tervetuloa koulutetun ammattilaisen hoitoon!<\/p>\n<pre><span style=\"font-size: small;\"><strong>Ajanvaraus<\/strong> \n<a href=\"https:\/\/api.whatsapp.com\/send?phone=358503058115\">WhatsApp sovelluksella viesti<\/a> <br \/>050 305 8115<br \/><a href=\"mailto:riitta@eneriitta.fi\">riitta@eneriitta.fi<\/a><br \/>Signal - turvallinen pikaviesti<\/span><\/pre>\n\n\n<p><\/p>\n","protected":false},"excerpt":{"rendered":"<p>Vaivaako jalkapohjan kovettumat tai halkeilevat kantap\u00e4\u00e4t? Jalkojen hyvinvointi auttaa lihasketjuja toimimaan koko kehosi parhaaksi. Toteutan jalkahoidon, jotta jalkasi pysyv\u00e4t kunnossa ja toimintakykyisen\u00e4. Yksil\u00f6llisen tarpeesi mukaan hoito sis\u00e4lt\u00e4\u00e4 jalkakylvyn, kynsien hoidon, kovettumien ja mahdollisten k\u00e4nsien tai syylien pienent\u00e4misen sek\u00e4 jalkavoiteen hieronnan jalkateriin. Hoidon yhteydess\u00e4 saat neuvoja ja ohjeita jalkojen itsehoitoon.\u00a0 Jalkahoito hoitolan tiloissa 75 e ja &#8230; <a title=\"Jalkahoito\" class=\"read-more\" href=\"https:\/\/eneriitta.fi\/index.php\/jalkojen-hoito\/\">Read more <span class=\"screen-reader-text\">Jalkahoito<\/span><\/a><\/p>\n","protected":false},"author":1,"featured_media":0,"parent":0,"menu_order":0,"comment_status":"closed","ping_status":"closed","template":"","meta":[],"_links":{"self":[{"href":"https:\/\/eneriitta.fi\/index.php\/wp-json\/wp\/v2\/pages\/67"}],"collection":[{"href":"https:\/\/eneriitta.fi\/index.php\/wp-json\/wp\/v2\/pages"}],"about":[{"href":"https:\/\/eneriitta.fi\/index.php\/wp-json\/wp\/v2\/types\/page"}],"author":[{"embeddable":true,"href":"https:\/\/eneriitta.fi\/index.php\/wp-json\/wp\/v2\/users\/1"}],"replies":[{"embeddable":true,"href":"https:\/\/eneriitta.fi\/index.php\/wp-json\/wp\/v2\/comments?post=67"}],"version-history":[{"count":28,"href":"https:\/\/eneriitta.fi\/index.php\/wp-json\/wp\/v2\/pages\/67\/revisions"}],"predecessor-version":[{"id":603,"href":"https:\/\/eneriitta.fi\/index.php\/wp-json\/wp\/v2\/pages\/67\/revisions\/603"}],"wp:attachment":[{"href":"https:\/\/eneriitta.fi\/index.php\/wp-json\/wp\/v2\/media?parent=67"}],"curies":[{"name":"wp","href":"https:\/\/api.w.org\/{rel}","templated":true}]}}